{"id":1548,"date":"2016-04-26T18:05:14","date_gmt":"2016-04-26T18:05:14","guid":{"rendered":"https:\/\/www.parochiespiritualiteit.org\/?page_id=1548"},"modified":"2022-06-29T12:53:53","modified_gmt":"2022-06-29T12:53:53","slug":"home-fr","status":"publish","type":"page","link":"https:\/\/www.parochiespiritualiteit.org\/?page_id=1548","title":{"rendered":"Home-fr"},"content":{"rendered":"<p><div class=\"fusion-fullwidth fullwidth-box fusion-builder-row-1 fusion-flex-container nonhundred-percent-fullwidth non-hundred-percent-height-scrolling\" style=\"--awb-background-position:left top;--awb-border-sizes-top:0px;--awb-border-sizes-bottom:0px;--awb-border-sizes-left:0px;--awb-border-sizes-right:0px;--awb-border-radius-top-left:0px;--awb-border-radius-top-right:0px;--awb-border-radius-bottom-right:0px;--awb-border-radius-bottom-left:0px;--awb-padding-top:90px;--awb-padding-right:15%;--awb-padding-bottom:90px;--awb-padding-left:15%;--awb-flex-wrap:wrap;\" ><div class=\"fusion-builder-row fusion-row fusion-flex-align-items-flex-start fusion-flex-content-wrap\" style=\"max-width:calc( 1280px + 0px );margin-left: calc(-0px \/ 2 );margin-right: calc(-0px \/ 2 );\"><div class=\"fusion-layout-column fusion_builder_column fusion-builder-column-0 fusion_builder_column_1_1 1_1 fusion-flex-column fusion-flex-align-self-flex-start fusion-column-no-min-height\" style=\"--awb-bg-size:cover;--awb-width-large:100%;--awb-margin-top-large:0px;--awb-spacing-right-large:0px;--awb-margin-bottom-large:0px;--awb-spacing-left-large:0px;--awb-width-medium:100%;--awb-spacing-right-medium:0px;--awb-spacing-left-medium:0px;--awb-width-small:100%;--awb-spacing-right-small:0px;--awb-spacing-left-small:0px;\"><div class=\"fusion-column-wrapper fusion-flex-justify-content-flex-start fusion-content-layout-column\"><div class=\"fusion-text fusion-text-1\"><h2 style=\"text-align: left;\"><strong>Le Centre de Spiritualit\u00e9 pour les paroisses<\/strong><\/h2>\n<p><strong>Le Centre de Spiritualit\u00e9 pour les Paroisses<\/strong> (C.P.S. en N\u00e9erlandais : <strong>C<\/strong>entrum voor <strong>P<\/strong>arochie<strong>s<\/strong>piritualiteit) se donne pour buts d\u2019inspirer et de soutenir, dans l\u2019\u00e9tendue des Pays-Bas, un approfondissement d\u2019une foi catholique v\u00e9cue, ainsi que de construire des communaut\u00e9s paroissiales. Dans chaque domaine : <em>c\u00e9l\u00e9bration, enseignement, diaconie et construction de communaut\u00e9<\/em>, le Centre essaie de soutenir l\u2019inspiration des pasteurs, animateurs, b\u00e9n\u00e9voles et autres paroissiens. Il le fait entre autres au moyen de cours, de groupes de travail, de rencontres de spiritualit\u00e9 et de publications, en dialogue avec les paroisses. Il travaille \u00e9galement avec des tiers dans des projets qui rejoignent son action.<\/p>\n<p>Le C.P.S. a \u00e9t\u00e9 fond\u00e9 en 1990 par <a href=\"https:\/\/www.sssinternational.net\/\">la Congr\u00e9gation du Saint Sacrement <\/a>et a ses bureaux \u00e0 Nim\u00e8gue (Couvent de Brakkenstein). <strong>Tim Schilling<\/strong>,\u00a0<strong>Mirjam Spruit-Borst<\/strong> et le <strong>P. Jim Schilder sss<\/strong> organisent leur travail en lien avec la mission et la spiritualit\u00e9 de la Congr\u00e9gation, avec le soutien administratif de Mme <strong>Marijke Brits<\/strong>. Depuis le Couvent de Brakkenstein, les collaborateurs organisent des sessions d\u2019\u00e9tude et d\u2019approfondissement ; ils d\u00e9veloppent aussi du nouveau mat\u00e9riel pour la spiritualit\u00e9, la liturgie et la cat\u00e9ch\u00e8se.<\/p>\n<p>E-mail: <a href=\"mailto:cps.nijmegen@kloosterbrakkenstein.nl\">cps.nijmegen@kloosterbrakkenstein.nl<\/a><\/p>\n<\/div><\/div><\/div><\/div><\/div><div class=\"fusion-fullwidth fullwidth-box fusion-builder-row-2 fusion-flex-container hundred-percent-fullwidth non-hundred-percent-height-scrolling\" style=\"--awb-border-radius-top-left:0px;--awb-border-radius-top-right:0px;--awb-border-radius-bottom-right:0px;--awb-border-radius-bottom-left:0px;--awb-overflow:visible;--awb-padding-right:0px;--awb-padding-left:0px;--awb-flex-wrap:wrap;\" ><div class=\"fusion-builder-row fusion-row fusion-flex-align-items-flex-start fusion-flex-content-wrap\" style=\"width:calc( 100% + 0px ) !important;max-width:calc( 100% + 0px ) !important;margin-left: calc(-0px \/ 2 );margin-right: calc(-0px \/ 2 );\"><div class=\"fusion-layout-column fusion_builder_column fusion-builder-column-1 fusion_builder_column_1_1 1_1 fusion-flex-column\" style=\"--awb-bg-size:cover;--awb-width-large:100%;--awb-margin-top-large:0px;--awb-spacing-right-large:0px;--awb-margin-bottom-large:0px;--awb-spacing-left-large:0px;--awb-width-medium:100%;--awb-spacing-right-medium:0px;--awb-spacing-left-medium:0px;--awb-width-small:100%;--awb-spacing-right-small:0px;--awb-spacing-left-small:0px;\"><div class=\"fusion-column-wrapper lazyload fusion-flex-justify-content-flex-start fusion-content-layout-column fusion-empty-column-bg-image fusion-column-has-bg-image\" data-bg-url=\"https:\/\/www.parochiespiritualiteit.org\/wp-content\/uploads\/2016\/04\/Graan-Frans-640x427px.jpg\" data-bg=\"https:\/\/www.parochiespiritualiteit.org\/wp-content\/uploads\/2016\/04\/Graan-Frans-640x427px.jpg\"><img decoding=\"async\" class=\"fusion-empty-dims-img-placeholder\" aria-label=\"Graan Frans 640x427px\" src=\"data:image\/svg+xml,%3Csvg%20xmlns%3D%27http%3A%2F%2Fwww.w3.org%2F2000%2Fsvg%27%20width%3D%27640%27%20height%3D%27427%27%20viewBox%3D%270%200%20640%20427%27%3E%3Crect%20width%3D%27640%27%20height%3D%27427%27%20fill-opacity%3D%220%22%2F%3E%3C%2Fsvg%3E\"><\/div><\/div><\/div><\/div><\/p>\n","protected":false},"excerpt":{"rendered":"","protected":false},"author":54,"featured_media":0,"parent":0,"menu_order":0,"comment_status":"closed","ping_status":"closed","template":"100-width.php","meta":{"footnotes":""},"class_list":["post-1548","page","type-page","status-publish","hentry"],"_links":{"self":[{"href":"https:\/\/www.parochiespiritualiteit.org\/index.php?rest_route=\/wp\/v2\/pages\/1548","targetHints":{"allow":["GET"]}}],"collection":[{"href":"https:\/\/www.parochiespiritualiteit.org\/index.php?rest_route=\/wp\/v2\/pages"}],"about":[{"href":"https:\/\/www.parochiespiritualiteit.org\/index.php?rest_route=\/wp\/v2\/types\/page"}],"author":[{"embeddable":true,"href":"https:\/\/www.parochiespiritualiteit.org\/index.php?rest_route=\/wp\/v2\/users\/54"}],"replies":[{"embeddable":true,"href":"https:\/\/www.parochiespiritualiteit.org\/index.php?rest_route=%2Fwp%2Fv2%2Fcomments&post=1548"}],"version-history":[{"count":0,"href":"https:\/\/www.parochiespiritualiteit.org\/index.php?rest_route=\/wp\/v2\/pages\/1548\/revisions"}],"wp:attachment":[{"href":"https:\/\/www.parochiespiritualiteit.org\/index.php?rest_route=%2Fwp%2Fv2%2Fmedia&parent=1548"}],"curies":[{"name":"wp","href":"https:\/\/api.w.org\/{rel}","templated":true}]}}

<p><div class="fusion-fullwidth fullwidth-box fusion-builder-row-1 fusion-flex-container nonhundred-percent-fullwidth non-hundred-percent-height-scrolling" style="--awb-background-position:left top;--awb-border-sizes-top:0px;--awb-border-sizes-bottom:0px;--awb-border-sizes-left:0px;--awb-border-sizes-right:0px;--awb-border-radius-top-left:0px;--awb-border-radius-top-right:0px;--awb-border-radius-bottom-right:0px;--awb-border-radius-bottom-left:0px;--awb-padding-top:90px;--awb-padding-right:15%;--awb-padding-bottom:90px;--awb-padding-left:15%;--awb-flex-wrap:wrap;" ><div class="fusion-builder-row fusion-row fusion-flex-align-items-flex-start fusion-flex-content-wrap" style="max-width:calc( 1280px + 0px );margin-left: calc(-0px / 2 );margin-right: calc(-0px / 2 );"><div class="fusion-layout-column fusion_builder_column fusion-builder-column-0 fusion_builder_column_1_1 1_1 fusion-flex-column fusion-flex-align-self-flex-start fusion-column-no-min-height" style="--awb-bg-size:cover;--awb-width-large:100%;--awb-margin-top-large:0px;--awb-spacing-right-large:0px;--awb-margin-bottom-large:0px;--awb-spacing-left-large:0px;--awb-width-medium:100%;--awb-spacing-right-medium:0px;--awb-spacing-left-medium:0px;--awb-width-small:100%;--awb-spacing-right-small:0px;--awb-spacing-left-small:0px;"><div class="fusion-column-wrapper fusion-flex-justify-content-flex-start fusion-content-layout-column"><div class="fusion-text fusion-text-1"><h2 style="text-align: left;"><strong>Le Centre de Spiritualité pour les paroisses</strong></h2>
<p><strong>Le Centre de Spiritualité pour les Paroisses</strong> (C.P.S. en Néerlandais : <strong>C</strong>entrum voor <strong>P</strong>arochie<strong>s</strong>piritualiteit) se donne pour buts d’inspirer et de soutenir, dans l’étendue des Pays-Bas, un approfondissement d’une foi catholique vécue, ainsi que de construire des communautés paroissiales. Dans chaque domaine : <em>célébration, enseignement, diaconie et construction de communauté</em>, le Centre essaie de soutenir l’inspiration des pasteurs, animateurs, bénévoles et autres paroissiens. Il le fait entre autres au moyen de cours, de groupes de travail, de rencontres de spiritualité et de publications, en dialogue avec les paroisses. Il travaille également avec des tiers dans des projets qui rejoignent son action.</p>
<p>Le C.P.S. a été fondé en 1990 par <a href="https://www.sssinternational.net/">la Congrégation du Saint Sacrement </a>et a ses bureaux à Nimègue (Couvent de Brakkenstein). <strong>Tim Schilling</strong>, <strong>Mirjam Spruit-Borst</strong> et le <strong>P. Jim Schilder sss</strong> organisent leur travail en lien avec la mission et la spiritualité de la Congrégation, avec le soutien administratif de Mme <strong>Marijke Brits</strong>. Depuis le Couvent de Brakkenstein, les collaborateurs organisent des sessions d’étude et d’approfondissement ; ils développent aussi du nouveau matériel pour la spiritualité, la liturgie et la catéchèse.</p>
<p>E-mail: <a href="mailto:cps.nijmegen@kloosterbrakkenstein.nl">cps.nijmegen@kloosterbrakkenstein.nl</a></p>
</div></div></div></div></div><div class="fusion-fullwidth fullwidth-box fusion-builder-row-2 fusion-flex-container hundred-percent-fullwidth non-hundred-percent-height-scrolling" style="--awb-border-radius-top-left:0px;--awb-border-radius-top-right:0px;--awb-border-radius-bottom-right:0px;--awb-border-radius-bottom-left:0px;--awb-overflow:visible;--awb-padding-right:0px;--awb-padding-left:0px;--awb-flex-wrap:wrap;" ><div class="fusion-builder-row fusion-row fusion-flex-align-items-flex-start fusion-flex-content-wrap" style="width:calc( 100% + 0px ) !important;max-width:calc( 100% + 0px ) !important;margin-left: calc(-0px / 2 );margin-right: calc(-0px / 2 );"><div class="fusion-layout-column fusion_builder_column fusion-builder-column-1 fusion_builder_column_1_1 1_1 fusion-flex-column" style="--awb-bg-size:cover;--awb-width-large:100%;--awb-margin-top-large:0px;--awb-spacing-right-large:0px;--awb-margin-bottom-large:0px;--awb-spacing-left-large:0px;--awb-width-medium:100%;--awb-spacing-right-medium:0px;--awb-spacing-left-medium:0px;--awb-width-small:100%;--awb-spacing-right-small:0px;--awb-spacing-left-small:0px;"><div class="fusion-column-wrapper lazyload fusion-flex-justify-content-flex-start fusion-content-layout-column fusion-empty-column-bg-image fusion-column-has-bg-image" data-bg-url="https://www.parochiespiritualiteit.org/wp-content/uploads/2016/04/Graan-Frans-640x427px.jpg" data-bg="https://www.parochiespiritualiteit.org/wp-content/uploads/2016/04/Graan-Frans-640x427px.jpg"><img decoding="async" class="fusion-empty-dims-img-placeholder" aria-label="Graan Frans 640x427px" src="data:image/svg+xml,%3Csvg%20xmlns%3D%27http%3A%2F%2Fwww.w3.org%2F2000%2Fsvg%27%20width%3D%27640%27%20height%3D%27427%27%20viewBox%3D%270%200%20640%20427%27%3E%3Crect%20width%3D%27640%27%20height%3D%27427%27%20fill-opacity%3D%220%22%2F%3E%3C%2Fsvg%3E"></div></div></div></div></p>
